010001
Convert 31301313 (base 4) to base 10.
56439
-2002110020102 (base 3) to base 8
-4172201
5210222 (base 9) to base 8
12471536
What is -cc30 (base 14) in base 2?
-1000100111111010
Convert 260773 (base 9) to base 4.
212212101
What is -125a6a (base 12) in base 3?
-120021011101
Convert -110786b (base 12) to base 15.
-442632
-654011 (base 8) to base 9
-363544
-362761 (base 9) to base 8
-652741
100000111000101110 (base 2) to base 13
49409
What is -1b427d (base 14) in base 9?
-1741145
2035046 (base 7) to base 12
b9422
What is 1988355 (base 12) in base 3?
101011122012102
2129045 (base 11) to base 2
1110010010011011001011
Convert 5c03b (base 13) to base 15.
35214
65b562 (base 15) to base 6
251523045
1ab445b (base 12) to base 4
111302002013
Convert 1212212010 (base 3) to base 16.
90d2
What is -67265e (base 15) in base 14?
-9207dc
What is -731259 (base 15) in base 16?
-537cb1
What is 6623010 (base 8) in base 4?
12302120020
Convert 2995bd (base 14) to base 7.
15205226
1105666 (base 7) to base 3
20221021001
Convert -312331404 (base 5) to base 12.
-524135
What is -212210121101 (base 3) in base 6?
-14012444
Convert 5b8dd (base 15) to base 10.
292258
What is 32524441 (base 6) in base 12?
3b0721
What is -2636513 (base 12) in base 10?
-7538271
b599 (base 13) to base 14
9238
What is 111dc9 (base 16) in base 2?
100010001110111001001
What is -e8f502 (base 16) in base 6?
-1303120522
Convert fb6bf (base 16) to base 9.
1838577
Convert -49817 (base 10) to base 16.
-c299
What is -4958b34 (base 12) in base 15?
-13c7bd7
What is -3487305 (base 9) in base 5?
-440411413
Convert 15b96a (base 13) to base 4.
2003303202
Convert 1101010101100011000010 (base 2) to base 9.
6517708
What is -303113232 (base 4) in base 7?
-1534311
What is -3345421 (base 6) in base 2?
-101001011011110101
2095c0 (base 13) to base 7
6326353
143520 (base 8) to base 11
35376
Convert -939833 (base 10) to base 9.
-1682178
Convert 1f22b (base 16) to base 12.
61977
24435253 (base 6) to base 9
1422556
What is -1735298 (base 10) in base 8?
-6475202
What is 1101000101010011111110 (base 2) in base 14?
653c18
Convert 12300132133 (base 4) to base 16.
1b079f
What is 22aa5 (base 13) in base 2?
1111011101101101
Convert -6c0bd (base 16) to base 15.
-8b1dc
-65356 (base 8) to base 11
-19626
Convert -237641 (base 9) to base 8.
-430057
-10748678 (base 9) to base 10
-5228945
a724c (base 15) to base 8
2013735
What is 1996597 (base 12) in base 6?
312123511
Convert 203122003123 (base 4) to base 14.
13387c7
Convert -2b4a62 (base 13) to base 11.
-669987
22514460 (base 7) to base 8
7410376
-8922037 (base 10) to base 11
-5044293
Convert 1432034 (base 5) to base 12.
15625
What is 110022100111211 (base 3) in base 7?
106413661
Convert 145562 (base 7) to base 5.
1402130
What is 101101101100011010001110 (base 2) in base 14?
183b42a
323942a (base 12) to base 6
540202454
-61080 (base 15) to base 16
-4b02d
Convert -1153312 (base 7) to base 10.
-147646
Convert -5290b7 (base 14) to base 9.
-5223238
-10011100100001101111101 (base 2) to base 3
-100122120210010
What is -4091c6 (base 13) in base 6?
-52132512
-1722446 (base 13) to base 4
-130210021232
6c353 (base 13) to base 3
101002000122
Convert 2133440 (base 5) to base 15.
ad4a
410375 (base 8) to base 10
135421
Convert 91536 (base 10) to base 16.
16590
Convert -123022130 (base 4) to base 16.
-1b29c
3465408 (base 9) to base 10
1873862
-155130455 (base 6) to base 12
-1143a2b
What is -556430 (base 11) in base 9?
-1601614
Convert -a024 (base 13) to base 11.
-15590
-1784058 (base 9) to base 13
-290378
What is 111000010001101011 (base 2) in base 6?
4535055
Convert -10010011111110101110100 (base 2) to base 6.
-251533044
Convert 112212211021202 (base 3) to base 7.
124140455
11001101101110010110 (base 2) to base 7
10106460
1cdc7 (base 14) to base 12
36a43
Convert 8701058 (base 10) to base 8.
41142202
3644494 (base 10) to base 5
1413110434
What is -162a2 (base 14) in base 8?
-154166
441343 (base 5) to base 9
22784
Convert 112100121011 (base 3) to base 4.
1010332333
Convert -174131 (base 9) to base 16.
-1a5e1
Convert 66645420 (base 7) to base 15.
78b7d3
-24020431 (base 5) to base 14
-5a308
What is 3366100 (base 8) in base 3?
1201100122101
-192557 (base 10) to base 13
-69851
163b2a (base 12) to base 16
5cc92
Convert -851134 (base 9) to base 12.
-204a1a
-117561a (base 11) to base 15
-2a52bb
What is 16384b (base 15) in base 8?
4063661
What is -1330330213 (base 5) in base 16?
-336ebb
Convert -3097103 (base 11) to base 13.
-1190451
Convert -20022002111 (base 3) to base 11.
-85185
What is -34855 (base 11) in base 12?
-25117
What is 1304272 (base 8) in base 11?
228541
Convert -11000110212100 (base 3) to base 9.
-4013770
What is -1121501 (base 6) in base 5?
-3314141
What is -6331250 (base 8) in base 5?
-412343021
What is -a896b (base 12) in base 4?
-312111203
-2636604 (base 7) to base 10
-345699
ac77 (base 13) to base 4
11320200
-2e8258 (base 15) to base 3
-11020120022202
3aa910 (base 12) to base 7
11160054
Convert 4321 (base 16) to base 9.
25514
Convert 65c253 (base 13) to base 16.
249495
Convert 135c8 (base 13) to base 10.
36161
-3882a20 (base 12) to base 2
-101010011010101100111000
Convert -10020110010112 (base 3) to base 7.
-20426156
Convert -11114 (base 7) to base 11.
-211a
Convert -31543503 (base 7) to base 16.
-28f13a
Convert 1582c4a (base 13) to base 14.
cc1326
What is -212306063 (base 7) in base 8?
-60161307
What is 9179 (base 10) in base 7?
35522
b961d6 (base 14) to base 7
104240056
Convert -21122220010 (base 3) to base 6.
-3122133
-b1757 (base 14) to base 11
-271702
Convert 85137 (base 9) to base 6.
1112224
What is -3219647 (base 10) in base 8?
-14220277
-2a061 (base 16) to base 10
-172129
What is 1511121 (base 6) in base 14?
23a53
-14513332 (base 6) to base 14
-d2d4c
303322020 (base 4) to base 7
1543605
What is 142203104 (base 5) in base 6?
23514405
Convert a551 (base 11) to base 7.
55506
What is -100011111101001001 (base 2) in base 8?
-437511
What is 23160122 (base 7) in base 10?
2031311
Convert b885 (base 12) to base 6.
233445
Convert 309626 (base 14) to base 5.
404430003
-1132215 (base 9) to base 8
-2252737
What is 5153531 (base 7) in base 5?
124241403
Convert -92b97a (base 12) to base 16.
-231dae
Convert -2542552 (base 7) to base 2.
-1010000100010110001
What is 231021312 (base 4) in base 15?
39c00
What is 21a2a00 (base 11) in base 4?
32231001313
Convert -1320110211 (base 4) to base 5.
-111232322
Convert -6567325 (base 10) to base 9.
-13318607
-696d7 (base 15) to base 2
-1010001111100111101
What is 100220012122 (base 3) in base 6?
4101455
802a56 (base 13) to base 2
1011010110101011110011
2a7443 (base 13) to base 8
3767522
-56147 (base 13) to base 8
-461067
Convert -270b5b (base 14) to base 15.
-1b90b7
-11111110000101000000 (base 2) to base 7
-11563060
-26118551 (base 9) to base 4
-300323131231
Convert -110001000110111110 (base 2) to base 15.
-3e900
Convert 11366 (base 12) to base 16.
59be
Convert -22656505 (base 7) to base 12.
-803b97
Convert -103121100321 (base 4) to base 5.
-2300143332
2d07b1 (base 16) to base 15
3d45e4
12110200 (base 3) to base 6
30243
Convert -22204203 (base 5) to base 10.
-194303
What is 14635037 (base 8) in base 7?
40351541
What is -1112102110 (base 3) in base 4?
-13113312
24f445 (base 16) to base 12
989631
Convert 21211110211101 (base 3) to base 15.
5734ca
What is 313505 (base 8) in base 3?
12022000112
431d8 (base 14) to base 3
22020121110
Convert -168c06 (base 15) to base 7.
-12201045
-31652a (base 13) to base 5
-244002003
Convert -18a021 (base 13) to base 5.
-124344103
What is -a7a0db (base 15) in base 6?
-443030025
139809 (base 10) to base 9
232703
Convert 110001100000111000110 (base 2) to base 10.
1622470
-296a74 (base 13) to base 9
-1815685
What is 163561 (base 7) in base 3?
1122121211
-1bd71d (base 16) to base 11
-1036894
4205133 (base 6) to base 2
110001101000110001
What is -10211002110 (base 3) in base 14?
-1d561
Convert ce851 (base 15) to base 3.
1020100201111
Convert -10011111010011110010 (base 2) to base 16.
-9f4f2
Convert -41012301 (base 5) to base 15.
-67786
What is -a960ca (base 13) in base 5?
-2004431302
What is 7562314 (base 9) in base 10?
4056412
What is 1635620 (base 7) in base 10?
227717
What is 1404021420 (base 5) in base 9?
6655264
Convert a37